 0. Let r be 75 + (-2*1)/(-2). Let d = r + g. What are the prime factors of d?
3, 7
Let s(d) = 1591*d - 1744. What are the prime factors of s(7)?
3, 31, 101
Let c be -2*(-5)/15*21. Suppose 12 = 10*m - c*m. What are the prime factors of (4*m)/((-15)/10)?
2
What are the prime factors of (((-9)/(-81))/(10/45))/(1/43994)?
21997
Let k(z) = z**2 + 4*z - 43. Suppose -4*q = 3*y + 1820, 4*q - 5*y = 5*q + 455. Let i be (-1)/(-5) - (q/(-25) + 0). List the prime factors of k(i).
11, 19
List the prime factors of ((-7010)/(-20))/(-3 - 637/(-208)).
2, 701
Let x(c) = -699*c - 749. List the prime factors of x(-11).
2, 5, 347
Suppose -9*u + d - 1269 = -10*u, -d = -5*u + 6369. Suppose 1271*v = u*v - 2258. What are the prime factors of v?
1129
Let q(m) = 353*m + 10532. What are the prime factors of q(35)?
3, 2543
Let r(i) = 26*i + 22. Let v be -5*1/(-5) + 49. Suppose -k = -59 + v. What are the prime factors of r(k)?
2
Suppose 90*j = 48742 + 134678. List the prime factors of j.
2, 1019
Let c = 1409 - 555. Let z = 1966 - c. List the prime factors of z.
2, 139
Let p be (69/21 - 3) + 648/84. Let s be (-379 + -3)*(-1)/(-1). What are the prime factors of s/p*(1 + -5)?
191
Suppose 0*m - 6*m - 18 = 0. Let y(h) = -7*h**3 - 3*h**2 - 3. List the prime factors of y(m).
3, 53
Let i be (-1839)/((63/135)/(-7)). Suppose 0 = -77*q + 62*q + i. What are the prime factors of q?
3, 613
Let o be 0 - 101/(-9) - 2/9. Suppose -o*i = -12*i + 950. List the prime factors of i.
2, 5, 19
Suppose -t + 2*l - 4*l - 18 = 0, -93 = 4*t + l. Let r(o) = -49*o + 100. What are the prime factors of r(t)?
2, 11, 29
Let l(c) = 319*c - 299. Let d be l(7). List the prime factors of (d/12)/(-12*4/(-288)).
967
Let m be ((-51120)/28)/(-6) - 6/21. Let t = m - 112. List the prime factors of t.
2, 3
Let k = 15050 + -7338. Suppose 5*n = 4*h + k, -2*n + 6163 = 2*n - h. What are the prime factors of n?
2, 5, 7, 11
Let p(h) = -3*h + 10 + 5*h - 6. Let u = -52 + 56. What are the prime factors of p(u)?
2, 3
Suppose -4*d + 59 = -21. Let w = d - 24. List the prime factors of 111 - 1/w*-4.
2, 5, 11
Let k(b) = -b**3 - 3*b**2 - 5*b - 10. Let o be k(-3). Suppose 2160 = 5*m + o*s - s, -2*s + 438 = m. What are the prime factors of m?
2, 107
Suppose -4*u + 52*d = 42*d - 41478, 20741 = 2*u - 3*d. What are the prime factors of u?
2, 2593
Let s(d) = d**2 - 6*d - 14. Let l be s(8). Let u be (l + -3)*(-3 + (-1 - -2)). Suppose f = -u*f + 72. List the prime factors of f.
2, 3
What are the prime factors of 276/46*(-3 - (1 - 3)) + 13309?
53, 251
List the prime factors of 11299652/182 + -3 + -1 + -4.
2, 31039
Let m = -301 + 303. Suppose 3395 - 529 = 5*r - j, 2862 = 5*r - m*j. What are the prime factors of r?
2, 7, 41
Let l(v) be the second derivative of -v**5/20 - 5*v**4/6 - v**3/3 - 9*v**2/2 - 60*v. Let z = 15 + -26. List the prime factors of l(z).
2, 67
Let i be -5*396907/(-210) + 2/(-12). Suppose 0 = -30*l + 20*l + i. What are the prime factors of l?
3, 5, 7
Let x(r) = 43*r**2 + 6*r + 5. Let j be -6*((-35)/(-10))/7*1. List the prime factors of x(j).
2, 11, 17
Let y(l) be the first derivative of 25*l**2/2 + 68*l - 30. List the prime factors of y(3).
11, 13
Let u = -1 - 11. Let x(n) = 9*n + 119. Let t(f) = -28*f - 384. Let q(m) = -3*t(m) - 10*x(m). What are the prime factors of q(u)?
2, 17
Suppose -4*n = -19480 - 892. List the prime factors of n.
11, 463
Suppose 2*h = 2*i + 26, 5*h + 18 = 6*h + 4*i. Suppose 0 = -q + 64 - h. List the prime factors of q.
2, 5
Let h = -27 - -6. Let a = 28 + h. List the prime factors of 2/a - (-4880)/70.
2, 5, 7
Let s(t) = -238*t - 13. Let h(f) = -79*f - 4. Let q(i) = -7*h(i) + 2*s(i). List the prime factors of q(2).
2, 3, 13
Let q = -2594 - -4880. List the prime factors of q.
2, 3, 127
Let i be (-6)/(-9) - 4/6 - 1. List the prime factors of 68/8 - i/(-2).
2
Let b = -698 + 705. Suppose 3895 = -2*a + b*a - 3*z, -779 = -a + z. List the prime factors of a.
19, 41
Suppose 4*j - 5*m - 17 = 11, -4*m = 3*j + 10. Suppose -8*l - c = -4*l - 2277, 3*c + 1149 = j*l. List the prime factors of l.
2, 3, 5, 19
Let k be (-96)/(-32) - (0 + 1 - 5134). Suppose 26*a - 10*a = k. List the prime factors of a.
3, 107
Let a = 4376 + -2001. What are the prime factors of a?
5, 19
Let l be (-1)/(-2)*0 - 1. Let v be -13 + ((-252)/18 - 51). What are the prime factors of (1 + -8)/((-3)/v*l)?
2, 7, 13
Let b = -566 + 562. List the prime factors of 14*(-3)/24*b.
7
Let n(o) = 24*o**2 - 22*o + 49. Let a be n(-11). Let j = 4492 - a. List the prime factors of j.
1297
Suppose -1285*r - 5575544 = -1389*r. What are the prime factors of r?
53611
Suppose -3*r - 3*p + 61437 = 0, -3*p - 66915 + 26002 = -2*r. What are the prime factors of r?
2, 5, 23, 89
Let h(d) = -3788*d - 17. What are the prime factors of h(-1)?
3, 419
Suppose 3*k - 4*l - 51 = 0, l = -3*k - 0*k + 36. Let x = -122 + 291. Suppose -x = -v - k. What are the prime factors of v?
2, 3, 13
Let d(o) = -109*o - 6. Suppose -6*t = 31 - 19. Let k be d(t). Suppose -h = h - k. What are the prime factors of h?
2, 53
Let l = -5 + 9. Suppose -5*t + 6619 = 11*x - 15*x, 4*t + 2*x - 5290 = 0. Suppose t = -l*o + 11*o. What are the prime factors of o?
3, 7
Let q(s) = s**3 - 27*s**2 + 44*s + 148. What are the prime factors of q(32)?
2, 1669
Let h(d) be the first derivative of -d**3/3 - 2*d**2 - 4*d - 10. Let c be h(-2). Suppose -6*v + 1165 - 7 = c. List the prime factors of v.
193
Let m(h) = -2*h**2 + 12*h + 22. Let j be m(9). List the prime factors of j/(-80) + 363/5 + 0.
73
Let v = 15432 - 3643. What are the prime factors of v?
11789
Let s be (-4 - (5 - 1))/(-1). Suppose -4*a + 408 = 2*x, -s*x = 4*a - 3*x - 414. What are the prime factors of a?
101
Let t = 1983 + -1169. Let o = -355 + t. What are the prime factors of o?
3, 17
Let h = 15469 + 29119. What are the prime factors of h?
2, 71, 157
Suppose 2*f + 5425 = -5*g + 15299, 5*f - 24685 = g. What are the prime factors of f?
4937
What are the prime factors of (-52238)/(-6) - 6 - (39/9 - 5)?
7, 11, 113
Let p be 162/(-4)*(-28)/(-42). Let v = p + 362. List the prime factors of v.
5, 67
Suppose -10*t - 12 + 62 = 0. Suppose 4*k - t*a - 818 - 698 = 0, 0 = a - 4. What are the prime factors of k?
2, 3
Let p be 2 + (10/5 - 3). Let q be (1 + p)*(-3)/2. List the prime factors of (q + 5 + -3)*-74.
2, 37
Let p = -9420 + 14174. What are the prime factors of p?
2, 2377
Let b(o) = o**2 + 8*o + 172. Let d be b(0). Let p = 362 - d. What are the prime factors of p?
2, 5, 19
Let o = -1963 + 3289. Suppose -770 = -8*n + o. List the prime factors of n.
2, 131
Let b = 242 - 463. List the prime factors of -6 + 0 + (-4)/(-2) - b.
7, 31
Let w = 3702 - -2832. List the prime factors of w.
2, 3, 11
Let w(d) = -2*d**3 - 4*d**2 + 10*d + 2. Let u = -300 - -294. What are the prime factors of w(u)?
2, 5, 23
Suppose -3*u + 4*i = -3384, -2*u - 2*i - 828 = -3084. Let h = u + -186. List the prime factors of h.
2, 3, 157
Let w be 6/(-10) - (18/(-5) - -1). Let h be (151/9 - w) + (-18)/(-81). Let i(a) = 11*a + 28. What are the prime factors of i(h)?
193
What are the prime factors of (-149050)/(-6) - (-105)/(-245)*42/27?
24841
Suppose p - 5*x - 23347 = 0, -2*x + 23484 = 2*p - 23198. List the prime factors of p.
2, 11, 1061
Suppose -7*u + 59 - 17 = 0. Suppose l + 988 = -p + u*p, -2*p + 398 = l. Let t = -76 + p. List the prime factors of t.
2, 61
Let i be 2/5 + (-1393)/(-5). Suppose -44*p - 2*s - 56 = -43*p, -p + 4*s - 92 = 0. Let n = p + i. What are the prime factors of n?
211
Let d = 24092 - 12752. What are the prime factors of d?
2, 3, 5, 7
Let c = 17997 + -44973. List the prime factors of (-3)/(-2)*(c/18)/(-8).
281
Suppose -2*k = 6, -13*k = -5*b - 14*k + 44457. What are the prime factors of b?
2, 3, 13, 19
Suppose 0 = -157*w + 2812311 + 3483860. What are the prime factors of w?
7, 17, 337
Let g(o) = 30232*o**2 + 146*o + 147. What are the prime factors of g(-1)?
7, 617
Suppose 198*k = -2*l + 195*k + 27769, 69400 = 5*l + 3*k. What are the prime factors of l?
13877
Suppose 79*g - 776146 = -25*g - 113146. What are the prime factors of g?
3, 5, 17
Let t(b) = 12*b**2 - 24*b - 22. Let f be t(13). Suppose -16*k = -5*k - f. What are the prime factors of k?
2, 7, 11
Let g = -95 + 104. Suppose 6228 = -g*y + 21*y. List the prime factors of y.
3, 173
Let a(d) = 9*d**2 - 76*d + 7. List the prime factors o